0 - (-3)/(-9)). Let q be k(n). Let j = q + 18. Calculate the highest common divisor of j and 20.
20
Suppose -3*j - 5114 + 1858 = -5*n, 2*n - 1298 = -j. What is the highest common divisor of n and 100?
50
Let k be 24/(-18) - 465/(-45). What is the highest common factor of k and 17?
1
Let o = 201 - -373. What is the greatest common factor of 410 and o?
82
Suppose w = 4*r + 103, 174 = 3*w - r - 69. Calculate the highest common factor of 19197 and w.
79
Let q(s) = -2*s**3 - 244*s**2 - 248*s - 213. Let v be q(-121). Calculate the highest common factor of v and 133.
19
Let r(x) = 2*x**3 - 12*x**2 + 10*x - 16. Let c be r(5). Let b be c/(-56)*(-14)/(-8)*54. Calculate the greatest common factor of 3 and b.
3
Let t(b) = b**2 + 11*b - 38. Let q be t(-14). Suppose 8*d - 4*w = q*d + 432, 4*w = -5*d + 558. Calculate the highest common divisor of 22 and d.
22
Suppose 3*i = 4*r + 174, -3*i - 63 = -4*i + 3*r. Suppose 2*p - 78 = -j, -4*p = 19*j - 20*j + i. What is the greatest common factor of j and 105?
35
Let y be (-12)/14*42/(-9). Suppose -l = -0*l - y*n - 7, l + n - 7 = 0. Let d(s) = s + 12. Let t be d(l). Calculate the highest common factor of t and 19.
19
Suppose 3*k - 5 = 73. Suppose z - 3*h = 92, -3*z + 5*h = -z - 188. What is the highest common divisor of k and z?
26
Suppose 91 = -244*r + 4483. Calculate the greatest common divisor of 1125 and r.
9
Suppose 0 = -a + 10*u - 14*u + 1546, -2*a - 3*u = -3137. What is the highest common divisor of a and 7006?
226
Suppose 98*u - 1521 = 59*u. What is the greatest common factor of u and 15?
3
Suppose -20*l + 23736 = -36*l + 20*l. What is the greatest common factor of 69 and l?
69
Suppose -t + 379 = 5*f, 5*t - 424 + 104 = -4*f. Let w = f - 59. Suppose 15*p = w*p - 108. What is the highest common factor of 12 and p?
12
Suppose 35*i = 29*i - 1218. Let d be (i/(-35) - 5)/((-2)/2725). Let p be (-18)/153 + d/(-17). Calculate the greatest common divisor of p and 96.
32
Let x(h) = 163*h**2 + 31*h - 25. Let p be x(5). Calculate the highest common divisor of 145 and p.
145
Let h = 22647 + -19422. What is the highest common divisor of h and 225?
75
Let q = -680 + 257. Let s = -247 - q. Suppose 0*h = -2*h + 4, -5*w + 4*h = -72. Calculate the greatest common factor of s and w.
16
Let c = -14 - -29. Suppose 6*z = c*z - 315. What is the highest common factor of z and 245?
35
Let l(g) be the first derivative of -g**3/3 + 35*g**2/2 - 162*g - 24. Let q be l(25). Calculate the greatest common factor of 66 and q.
22
Let l(n) = -n**2 + 20*n + 78. Let y be l(22). Let w = 214 - y. Calculate the highest common factor of 20 and w.
20
Suppose -4*g + 15 = o, -5*o + 0*g - 13 = -2*g. Let l be -2 + (-1)/o + (0 - 0). Let y be (2 + (-2 - l))*29. What is the highest common factor of 29 and y?
29
Suppose 16*w = 12*w - 24. Let d = w + 19. Calculate the highest common factor of 169 and d.
13
Let l = -165 + 195. Let q(p) = -66*p - 63. Let f be q(-3). Calculate the highest common factor of f and l.
15
Suppose 14*h - 39045 = 88845. Suppose 95*d - h = 86*d. What is the greatest common factor of 29 and d?
29
Let j = -29 + 59. Let y(r) = -7*r - 100. Let d be y(-20). Let h = d - j. Calculate the greatest common divisor of h and 2.
2
Suppose 14*t = 42*t + 30744. Let s = t + 1618. What is the highest common factor of s and 52?
52
Suppose 0 = 4*t + r - 220, t - 59*r = -55*r + 55. What is the highest common divisor of 341 and t?
11
Let v = 70 - 70. Suppose -209*n + 213*n - 32 = v. Calculate the highest common divisor of n and 104.
8
Let g = -82 - 66. Let m = 151 + g. Suppose 0 = 5*k - 2*k - m. What is the highest common factor of 4 and k?
1
Let p be (-1107)/(-3690) + (-774)/(-20). Let s be 0 - ((-4)/(-2) - 171). Calculate the greatest common factor of p and s.
13
Suppose -166*u - 18*u + 12144 = 0. Calculate the highest common divisor of u and 1122.
66
Let l = -3651 - -3838. Calculate the highest common factor of 407 and l.
11
Let w(b) = -b**3 + 4*b**2 + 5*b + 16. Suppose -5*i + 22 = -3*c, 4*c - 3*c = 3*i - 14. Let z be w(i). What is the greatest common divisor of 3 and z?
1
Suppose -59709*i + 896 = -59693*i. What is the greatest common divisor of i and 13468?
28
Suppose 3*h - 3*k = 9069, 34*h + k - 15121 = 29*h. Calculate the highest common divisor of 560 and h.
112
Suppose -9*t - 12 = -30. Suppose t = 2*m, 2*p + 152 = -2*p + 4*m. Let b be 2 - (3 + -4 + p). Calculate the greatest common factor of b and 40.
40
Let v(s) = s**3 + 10*s**2 - 12*s + 67. Let z be v(-12). Let u be (-2720)/(-55) + (-42)/z. Calculate the highest common divisor of u and 20.
10
Suppose 0 = 7*x + 6050 - 24271. Let r be (-15)/(-90) - (-1 + x/(-6)). Calculate the highest common factor of 58 and r.
29
Suppose -11 = -3*z + 556. Let t(s) = -s - 22. Let m be t(-21). Let f(c) = 21*c**2 - 3*c - 3. Let p be f(m). Calculate the greatest common factor of z and p.
21
Suppose 215*j = -25704 + 66984. Calculate the greatest common factor of 204 and j.
12
Let v(h) = 6*h**2 - h + 14. Let q be v(-5). Suppose 171*u = q*u + 68. Calculate the greatest common factor of 306 and u.
34
Let z = 7263 + 449. What is the greatest common divisor of 32 and z?
32
Let i be ((-12)/20)/((-6)/3748) + 200/(-250). Calculate the highest common divisor of 5797 and i.
187
Suppose c = -4*c - v + 20, -10 = 5*c - 5*v. Let d be 13/(-2*(-5)/30). Calculate the greatest common divisor of d and c.
3
Let i be (((-2)/(-4))/((-6)/72))/(56/(-196)). Calculate the greatest common divisor of 6013 and i.
7
Let x = -2895 - -4916. Calculate the greatest common divisor of 47 and x.
47
Let d(k) = -17*k - 80. Let a be d(-5). Suppose -a*t - 2*t + 1575 = 0. What is the highest common factor of 5 and t?
5
Let w(x) = x**3 + 167*x**2 + 5322*x - 1229. Let l be w(-124). Suppose i + 3*i = 12. What is the highest common divisor of l and i?
1
Let t be -1*(-774)/12 - (2/4 - -1). Calculate the highest common divisor of t and 459.
9
Suppose 0 = -0*v + 2*v - 72. Let h(k) = 3552*k - 28128. Let q be h(8). Calculate the greatest common divisor of v and q.
36
Suppose 2*y - 5*h - 57 - 24 = 0, 4*h = 12. Calculate the greatest common factor of y and 5424.
48
Suppose 17*m + 46704 = 52212. Calculate the greatest common factor of m and 11097.
81
Let o = -703 - -165. Let t = -366 - o. Calculate the highest common divisor of t and 215.
43
Suppose m = 2*s - 58, -4*s - 8 = -0. Let h = m - -77. What is the greatest common divisor of 75 and h?
15
Let y be 20/120 + (-3478)/(-12). Calculate the greatest common factor of y and 986.
58
Let i(x) = -10 - 2*x**3 - 24 + 4*x**3 - x**3 - 9*x + 10*x**2. Let y be i(-10). Let f be (208/y)/(2/14). Calculate the greatest common factor of 26 and f.
26
Suppose -42 = 4*p + 2*j, 0 = -p - 2*p + j - 39. Let t be -3*((-44)/(-12) - 1). Let c = t - p. Calculate the greatest common factor of c and 12.
4
Suppose -2*y = -4*y + 3*s + 183, 0 = -5*y - 3*s + 468. Suppose 6*t = 101 - 29. What is the highest common divisor of t and y?
3
Suppose -65*c = -67*c - 4*m - 356, -3*m = -12. Let b = 434 + c. What is the greatest common factor of b and 31?
31
Suppose 30*n = 867 + 1053. Let l be (n/(-160))/(1/(-125)). What is the highest common divisor of l and 550?
50
Suppose 7111*l - 7035*l - 159372 = 0. Calculate the highest common factor of l and 99.
9
Let i = -87 + 106. Suppose i*r + 5 = 20*r. Let z(q) = -14*q + 1. Let x be z(-1). Calculate the highest common factor of x and r.
5
Let s be (-2)/(-9) - 106695/81. Let c be ((-4)/(-8))/(s/438 - -3). Let r be c/(-7) + (-42)/98. What is the highest common factor of r and 50?
10
Let m be 706556/56 + 594/308 + -2. Calculate the highest common factor of 55 and m.
11
Let u be (-6)/3 - (3474/(-6) + 0). Let h = -502 + u. What is the greatest common factor of h and 1200?
75
Suppose -4*u + 5*l = -12, 2*l + 3 = -4*u + 43. Suppose 5*q - 97*h - 70 = -102*h, -2*h = -5*q + 7. What is the greatest common factor of u and q?
1
Let r = 17495 - 9676. Calculate the highest common factor of r and 7.
7
Let d(x) = -7*x**2 - 105*x + 22. Let a be d(-15). What is the greatest common factor of 7271 and a?
11
Let x(p) = -p**3 - 30*p**2 - 57*p + 12. Let y be x(-28). What is the highest common divisor of y and 950?
10
Let i = 168 + 174. Suppose 20 = 4*u, 4*d - 186*u - 97 = -191*u. Calculate the highest common divisor of i and d.
18
Suppose 121*